5*d**2 + 2602*d + 5806. Give b(-323).
-8
Let a(h) = 538*h - 125915. Calculate a(234).
-23
Let n(j) = 7*j**2 - 1242*j - 298413. What is n(-136)?
-29
Let h(z) = -14*z + 233. What is h(5)?
163
Let q(u) = 4683*u - 491727. Determine q(105).
-12
Let h(y) = -7*y**3 - 2161*y**2 - 1539*y + 117. What is h(-308)?
-191
Let v(d) = -4*d**2 - 210*d + 340047. Calculate v(-319).
-7
Let b(h) = 5*h**2 + 374*h + 5254. Determine b(-58).
382
Let w(y) = -y**3 - 15*y**2 + 1417*y + 23502. Calculate w(-17).
-9
Let p(o) = -2509*o - 153649. Give p(-61).
-600
Let h(t) = -48*t**3 + 4*t**2 + 58*t - 6. Give h(0).
-6
Let x(f) = f**3 + 8*f**2 - 101*f + 4. Calculate x(0).
4
Let o(a) = a**3 - 8*a**2 - 42*a + 443. What is o(6)?
119
Let y(a) = 6*a**2 - 193667*a - 1937265. Determine y(-10).
5
Let t(b) = -12*b**2 + 699*b - 8251. Give t(43).
-382
Let c(l) = -2*l**2 - 223*l - 5945. What is c(-71)?
-194
Let u(m) = m**3 - 34*m**2 + 64*m + 78. What is u(28)?
-2834
Let q(s) = 152*s + 19636. Determine q(-135).
-884
Let k(x) = -564*x - 2562. Give k(-5).
258
Let m(f) = -3*f**2 - 359*f - 10438. What is m(-50)?
12
Let m(c) = 6*c**3 + 153*c**2 - 82*c - 74. What is m(-26)?
30
Let s(a) = -2*a**3 + 16*a**2 - 47*a + 541. Give s(9).
-44
Let x(i) = 651*i**3 - 3244*i**2 - 67*i + 52. What is x(5)?
-8
Let v(k) = 142*k + 8049. Determine v(-60).
-471
Let u(w) = -16154*w + 80910. Determine u(5).
140
Let h(f) = -54304*f - 217178. Determine h(-4).
38
Let v(f) = -16654*f**2 + 233152*f + 30. Give v(14).
-26
Let v(u) = -u**2 - 153*u + 3161. Give v(-167).
823
Let p(z) = z**2 + 28067*z - 224600. Calculate p(8).
0
Let g(v) = 155*v + 1851. Calculate g(-8).
611
Let d(w) = 2*w**2 + 535*w + 16261. Determine d(-35).
-14
Let l(f) = 2350*f + 78293. Give l(-34).
-1607
Let c(u) = -1224*u - 11138. Determine c(-9).
-122
Let l(b) = 283*b - 50153. Calculate l(171).
-1760
Let q(p) = 4976*p**2 + 14903*p - 19. Give q(-3).
56
Let w(j) = j**3 + 63*j**2 + 779*j + 8518. What is w(-51)?
1
Let w(h) = -530*h + 29592. Determine w(56).
-88
Let c(t) = 29*t - 5622. Give c(194).
4
Let x(q) = -126*q**2 - 123*q + 232. Determine x(0).
232
Let q(t) = -35*t + 7012. Determine q(249).
-1703
Let u(v) = 8*v**2 + 311*v - 4038. What is u(12)?
846
Let b(d) = 7357*d + 721027. Calculate b(-98).
41
Let o(y) = -4575*y - 4594. Determine o(-1).
-19
Let d(w) = -w**2 - 1996137*w + 17965312. Calculate d(9).
-2
Let y(n) = n**3 - 94*n**2 + 183*n + 4020. Calculate y(92).
3928
Let p(g) = -3515*g - 34717. Determine p(-10).
433
Let x(o) = 2*o**3 + 31*o**2 + 141*o + 33. What is x(-7)?
-121
Let m(z) = 6715*z + 74715. Determine m(-11).
850
Let j(h) = -3*h**3 - 173*h**2 + 8010*h + 146. Give j(-88).
-30
Let z(x) = -1745*x - 90. Give z(0).
-90
Let s(d) = -d**3 + 382*d**2 - 7912*d - 2893. Calculate s(360).
-13
Let i(o) = 10304*o + 102791. Calculate i(-10).
-249
Let s(u) = u**3 + 10*u**2 + 64*u + 278. Determine s(-6).
38
Let m(g) = 25988*g - 155919. Determine m(6).
9
Let p(b) = -b**2 - 24341*b - 73037. Determine p(-3).
-23
Let q(s) = -156*s + 3133. What is q(20)?
13
Let y(u) = -14614*u + 511488. Calculate y(35).
-2
Let d(g) = g**3 - 138*g**2 + 2319*g - 320037. Calculate d(138).
-15
Let z(i) = -i**3 + 31*i**2 - 523*i + 3734. What is z(13)?
-23
Let h(c) = -99*c - 6352. Determine h(-63).
-115
Let m(n) = -n**2 + 16946*n - 304696. Give m(18).
8
Let k(p) = 1125*p**2 + 24732*p - 343. Give k(-22).
53
Let z(m) = -42085*m**2 + 294587*m + 47. Give z(7).
-9
Let v(a) = -3777607*a - 22665631. Give v(-6).
11
Let w(c) = -26*c**2 + 1661*c + 308. Determine w(64).
116
Let p(k) = 2*k**2 - 5947*k - 160. What is p(0)?
-160
Let n(l) = 2*l**3 + 2*l**2 - 1099*l - 3309. Calculate n(-3).
-48
Let d(p) = -36*p**2 + 69*p + 196. Give d(-2).
-86
Let o(d) = -6*d**2 + 7283*d + 341184. Give o(1259).
-5
Let c(f) = -278*f**2 + 343*f + 341. Give c(-1).
-280
Let c(k) = 1536*k + 5158. Calculate c(-4).
-986
Let g(l) = l**3 - 384*l**2 + 1141*l + 750. Give g(381).
-12
Let x(n) = 351*n**2 + 472*n - 473. Calculate x(1).
350
Let k(n) = 4*n**3 - 6*n**2 + 12*n + 76. Give k(-8).
-2452
Let m(n) = 7*n**2 + 29*n - 1649. What is m(-17)?
-119
Let g(o) = -60*o**3 - o**2 - 1151*o + 1151. What is g(1)?
-61
Let z(p) = p**3 + 285*p**2 - 576*p - 521. Determine z(-287).
53
Let b(s) = -11136*s - 167223. Determine b(-15).
-183
Let p(t) = -140*t - 9105. What is p(-65)?
-5
Let l(i) = -23*i**2 - 29*i + 2552. Give l(10).
-38
Let c(x) = -2*x**2 + 91*x + 2287. Determine c(64).
-81
Let x(y) = y**2 + 1408*y + 31934. Calculate x(-23).
79
Let h(u) = 92949*u - 185864. Determine h(2).
34
Let k(x) = 15311*x + 167934. Give k(-11).
-487
Let n(w) = -5*w**3 - 17*w**2 + 178*w - 3. Calculate n(6).
-627
Let n(v) = v**3 - 3*v**2 - 13445*v + 67168. Calculate n(5).
-7
Let x(b) = b**3 - 408*b**2 + 4022*b - 2159801. What is x(411)?
4
Let i(a) = 193746*a + 24218244. Determine i(-125).
-6
Let z(l) = -4*l**2 + 217*l - 152. What is z(42)?
1906
Let i(x) = 1749*x - 7557. Give i(4).
-561
Let x(b) = 2001*b - 476053. Give x(238).
185
Let d(o) = -82*o**2 + 1638*o - 2932. Give d(18).
-16
Let v(n) = -75*n**2 - 519*n - 16. Calculate v(-7).
-58
Let q(o) = 8*o**3 - 43*o**2 - 214*o - 14. Give q(-3).
25
Let w(x) = 58956*x + 11968064. Determine w(-203).
-4
Let q(p) = 14*p**2 + 265*p + 562. Determine q(-15).
-263
Let v(o) = -14336*o + 71680. Give v(5).
0
Let b(d) = -8*d**2 - 955*d - 5748. What is b(-113)?
15
Let x(o) = o**3 - 27*o**2 - 161*o + 3473. Calculate x(19).
-2474
Let t(i) = -8*i**2 - 2324*i + 19094. Determine t(8).
-10
Let d(m) = -m**2 + 207*m - 10060. Calculate d(121).
346
Let a(x) = -42*x**2 + 131*x + 387. Calculate a(-3).
-384
Let v(c) = -6*c**3 + 74*c**2 - 26*c - 31. Give v(12).
-55
Let u(t) = 5*t**2 + 448*t + 891. Give u(-2).
15
Let q(a) = -13*a**3 - 84*a**2 + 178*a + 904. Give q(-7).
1
Let b(k) = 8077*k - 121613. Calculate b(15).
-458
Let t(d) = 3*d**2 - 55383*d + 332192. Calculate t(6).
2
Let n(i) = -665*i + 214580. Calculate n(322).
450
Let u(b) = 8*b**3 - 23*b**2 - 14*b + 104. What is u(-6)?
-2368
Let x(m) = -35*m**2 - 1533*m - 11517. Calculate x(-34).
145
Let p(y) = -2255*y - 146576. Calculate p(-65).
-1
Let u(i) = i**3 + 22*i**2 + 1136*i + 23131. Calculate u(-20).
1211
Let q(h) = -h**3 + 230*h**2 - 2412*h + 570. What is q(219)?
-87
Let y(d) = 1210*d + 64194. Calculate y(-53).
64
Let z(k) = -324*k + 17579. Calculate z(54).
83
Let f(l) = 5*l**3 + 61*l**2 - 532*l + 219. What is f(-18)?
399
Let c(v) = 16*v**3 + 543*v**2 - 545*v + 2. What is c(1)?
16
Let r(t) = t**2 - 132*t - 413. Determine r(136).
131
Let m(l) = -152*l**2 - 120*l - 380. Determine m(-3).
-1388
Let x(o) = 142863*o + 160. Calculate x(0).
160
Let y(k) = k**3 - 54*k**2 - 799*k - 106. What is y(-12)?
-22
Let u(k) = 11938*k + 477508. Determine u(-40).
-12
Let t(s) = -333*s**2 - 98905*s - 1112. Give t(-297).
76
Let x(z) = -10*z**2 + 674*z - 272. What is x(66)?
652
Let x(y) = -y**2 + 392478*y - 32961101. Give x(84).
-5
Let p(k) = 1345*k - 445196. Determine p(331).
-1
Let f(j) = -11881*j - 84030. Calculate f(-7).
-863
Let h(j) = 16*j**2 - 653*j + 1121. Calculate h(39).
-10
Let s(h) = -h**3 + 20*h**2 - 14*h + 845. What is s(21)?
110
Let d(l) = 218*l**3 - 16*l**2 - 3*l - 3. What is d(0)?
-3
Let q(m) = m**3 + 672*m**2 + 108272*m + 3. Determine q(-404).
3
Let b(t) = 2*t**3 - 13*t**2 - 25*t + 41. Give b(8).
33
Let l(u) = -9631*u - 154127. Determine l(-16).
-31
Let j(x) = 8*x**3 - 8*x**2 - 269*x + 276. Give j(1).
7
Let h(v) = -8358*v - 58500. Determine h(-7).
6
Let x(l) = l**3 - 35*l**2 + 68*l - 28. Calculate x(33).
38
Let x(j) = -j**3 - 3*j**2 + 125*j + 770. What is x(-6)?
128
Let u(a) = -5*a**3 + 3*a**2 - 4410*a - 17667. What is u(-4)?
341
Let a(p) = -570183*p - 10833462. Determine a(-19).
15
Let z(y) = y**3 + 29*y**2 - 61*y - 466. Calculate z(-29).
1303
Let y(w) = 2*w**3 + 184*w**2 + 189*w + 465. What is y(-91)?
-172
Let f(y) = -y**2 - 1984*y - 9986. Calculate f(-5).
-91
Let o(g) = 44*g**2 + 234*g - 29. Give o(-6).
151
Let v(g) = 2*g**3 + 138*g**2 - 649*g - 4775. What is v(-73)?
-30
Let c(d) = -3*d**2 - 199*d - 1272. Give c(-59).
26
Let s(m) = 1769*m + 3751. Give s(-2).
213
Let b(d) = -20*d**3 + 47*d**2 - 33*d + 128. Determine b(4).
-532
Let w(g) = 2*g**2 + 46*g - 1061. What is w(-51)?
1795
Let y(p) = p**3 - 13*p**2 - 1075*p + 13584. Calculate y(13).
-391
Let b(w) = -78992*w - 473949. Calculate b(-6).
3
Le